992?
1
What is the hundred thousands digit of 284963?
2
What is the hundred thousands digit of 8137254?
1
What is the thousands digit of 17497060?
7
What is the ten thousands digit of 320017?
2
What is the hundred thousands digit of 208342?
2
What is the hundred thousands digit of 12887065?
8
What is the hundred thousands digit of 3191656?
1
What is the ten thousands digit of 779854?
7
What is the units digit of 1553191?
1
What is the units digit of 4609629?
9
What is the tens digit of 428727?
2
What is the units digit of 3560291?
1
What is the hundreds digit of 133131?
1
What is the hundreds digit of 713819?
8
What is the hundreds digit of 39784916?
9
What is the hundreds digit of 2135?
1
What is the tens digit of 144103?
0
What is the millions digit of 25197372?
5
What is the hundreds digit of 854248?
2
What is the hundreds digit of 1067828?
8
What is the ten thousands digit of 1513480?
1
What is the units digit of 4148428?
8
What is the hundred thousands digit of 2387266?
3
What is the ten thousands digit of 4862580?
6
What is the hundreds digit of 2749197?
1
What is the thousands digit of 55869?
5
What is the hundreds digit of 27099045?
0
What is the tens digit of 19625?
2
What is the tens digit of 44213?
1
What is the hundreds digit of 2211420?
4
What is the tens digit of 625589?
8
What is the units digit of 20363236?
6
What is the tens digit of 933360?
6
What is the ten thousands digit of 17007100?
0
What is the hundreds digit of 857680?
6
What is the millions digit of 17202197?
7
What is the tens digit of 1550544?
4
What is the units digit of 26891?
1
What is the tens digit of 2297556?
5
What is the hundred thousands digit of 270849?
2
What is the ten thousands digit of 110278?
1
What is the units digit of 416331?
1
What is the tens digit of 20993521?
2
What is the tens digit of 22579408?
0
What is the tens digit of 2885016?
1
What is the hundred thousands digit of 7239279?
2
What is the millions digit of 6208192?
6
What is the hundred thousands digit of 1523143?
5
What is the hundred thousands digit of 346203?
3
What is the hundred thousands digit of 20101646?
1
What is the tens digit of 4052010?
1
What is the hundreds digit of 3765396?
3
What is the hundred thousands digit of 40038945?
0
What is the hundred thousands digit of 584498?
5
What is the millions digit of 1783839?
1
What is the ten millions digit of 23225134?
2
What is the hundred thousands digit of 9102035?
1
What is the tens digit of 17180843?
4
What is the tens digit of 10383214?
1
What is the units digit of 1254583?
3
What is the thousands digit of 32636178?
6
What is the hundreds digit of 562518?
5
What is the units digit of 186644?
4
What is the millions digit of 4866784?
4
What is the units digit of 647121?
1
What is the thousands digit of 113722?
3
What is the ten thousands digit of 81665?
8
What is the ten thousands digit of 15455895?
5
What is the hundred thousands digit of 2926116?
9
What is the hundred thousands digit of 955625?
9
What is the hundreds digit of 108184?
1
What is the thousands digit of 5585611?
5
What is the hundreds digit of 172445?
4
What is the hundred thousands digit of 13745890?
7
What is the units digit of 13220644?
4
What is the ten thousands digit of 639668?
3
What is the thousands digit of 1400265?
0
What is the ten thousands digit of 3369647?
6
What is the hundreds digit of 827576?
5
What is the hundreds digit of 4290236?
2
What is the units digit of 224174?
4
What is the hundreds digit of 38407?
4
What is the units digit of 667254?
4
What is the units digit of 64326?
6
What is the hundred thousands digit of 226887?
2
What is the units digit of 39847834?
4
What is the hundreds digit of 101645?
6
What is the ten thousands digit of 314323?
1
What is the hundreds digit of 2017620?
6
What is the thousands digit of 1478712?
8
What is the ten millions digit of 24472740?
2
What is the tens digit of 1249402?
0
What is the units digit of 364840?
0
What is the hundred thousands digit of 120703?
1
What is the hundred thousands digit of 3675259?
6
What is the units digit of 3708559?
9
What is the ten thousands digit of 899916?
9
What is the hundred thousands digit of 1937408?
9
What is the hundred thousands digit of 14045711?
0
What is the thousands digit of 83343?
3
What is the hundred thousands digit of 256783?
2
What is the thousands digit of 82046?
2
What is the tens digit of 7812747?
4
What is the hundred thousands digit of 141787?
1
What is the units digit of 7853?
3
What is the units digit of 1534805?
5
What is the units digit of 31245?
5
What is the hundred thousands digit of 1225267?
2
What is the millions digit of 1017563?
1
What is the ten thousands digit of 764283?
6
What is the units digit of 651985?
5
What is the millions digit of 4946096?
4
What is the ten thousands digit of 852023?
5
What is the tens digit of 151734?
3
What is the ten thousands digit of 84461?
8
What is the thousands digit of 129950?
9
What is the ten thousands digit of 238696?
3
What is the tens digit of 22979845?
4
What is the tens digit of 334582?
8
What is the hundred thousands digit of 205627?
2
What is the units digit of 7613636?
6
What is the units digit of 667475?
5
What is the hundred thousands digit of 1150460?
1
What is the hundreds digit of 166060?
0
What is the millions digit of 4865581?
4
What is the ten thousands digit of 11047260?
4
What is the thousands digit of 8294809?
4
What is the hundreds digit of 373716?
7
What is the thousands digit of 20461875?
1
What is the units digit of 4326036?
6
What is the tens digit of 1149556?
5
What is the ten thousands digit of 6954256?
5
What is the hundreds digit of 30663?
6
What is the units digit of 13631380?
0
What is the millions digit of 1213482?
1
What is the hundred thousands digit of 3056744?
0
What is the hundred thousands digit of 759945?
7
What is the millions digit of 3270994?
3
What is the ten thousands digit of 5629898?
2
What is the hundreds digit of 3231118?
1
What is the millions digit of 30435329?
0
What is the hundred thousands digit of 499680?
4
What is the ten thousands digit of 6319707?
1
What is the ten thousands digit of 103526?
0
What is the hundreds digit of 1686371?
3
What is the hundred thousands digit of 411934?
4
What is the units digit of 2539024?
4
What is the thousands digit of 705168?
5
What is the tens digit of 173620?
2
What is the ten thousands digit of 1929387?
2
What is the millions digit of 1199536?
1
What is the hundred thousands digit of 1180737?
1
What is the tens digit of 169509?
0
What is the thousands digit of 25560306?
0
What is the tens digit of 596164?
6
What is the hundreds digit of 3359333?
3
What is the ten thousands digit of 140698?
4
What is the hundreds digit of 163586?
5
What is the thousands digit of 36763761?
3
What is the tens digit of 1218320?
2
What is the tens digit of 2594758?
5
What is the hundreds digit of 27354935?
9
What is the hundreds digit of 267467?
4
What is the units digit of 296748?
8
What is the thousands digit of 33623760?
3
What is the hundreds digit of 15337307?
3
What is the tens digit of 2735016?
1
What is the thousands digit of 186983?
6
What is the tens digit of 8191141?
4
What is the thousands digit of 1978795?
8
What is the tens digit of 258995?
9
What is the units digit of 39162?
2
What is the ten thousands digit of 136027?
3
What is the hundred thousands digit of 254216?
2
What is the hundred thousands digit of 370888?
3
What is the units digit of 207716?
6
What is the ten thousands digit of 543845?
4
What is the hundred thousands digit of 1058809?
0
What is the thousands digit of 1904098?
4
What is the tens digit of 954467?
6
What is the units digit of 209668?
8
What is the hundreds digit of 3312491?
4
What is the ten thousands digit of 737212?
3
What is the millions digit of 2146780?
2
What is the hundred thousands digit of 356176?
3
What is the hundred thousands digit of 7673752?
6
What is the tens digit of 704286?
8
What is the hundreds digit of 209382?
3
What is the hundreds digit of 1654216?
2
What is the hundreds digit of 544076?
0
What is the hundreds digit of 786617?
6
What is the hundreds digit of 1412226?
2
What is the thousands digit of 5420988?
0
What is the ten millions digit of 16312543?
1
What is the units dig